 be (-6 + 5)/((-1)/2). Suppose 3*f - 20 = 2*k, -z*f = -2*k + 4*k - 10. Let u(g) = 4*g + 6. List the prime factors of u(f).
2, 3, 5
List the prime factors of (4/(-6))/(1/24990*-10).
2, 7, 17
Let c(k) be the second derivative of k**5/20 - k**4/2 - k**3/3 - k**2 - 3*k. Let s = 8 - 1. What are the prime factors of c(s)?
3, 11
Let a = -1810 + 4088. What are the prime factors of a?
2, 17, 67
Suppose 5*a - 2*k = 12882, -6*a + a + 3*k + 12878 = 0. List the prime factors of a.
2, 1289
Let n(c) = c. Let j = -5 - 6. Let r be n(j). Let u = r + 64. List the prime factors of u.
53
Let o(n) = 1634*n**2 - 3*n + 2. List the prime factors of o(1).
23, 71
Suppose -b + 29 = 4. Let u = -22 + b. Suppose -5*c - 2*g + 3*g = -254, u*c = -3*g + 138. List the prime factors of c.
2, 5
Let x = 355 - 38. Let c = x + -140. What are the prime factors of c?
3, 59
List the prime factors of 1 + (-36)/44 - (-6416)/44.
2, 73
Let g(q) be the first derivative of q**3/3 + 11. Suppose b + 1 = 4. List the prime factors of g(b).
3
Let s be 32/(-24)*6*1. Let y be ((-4)/6)/(s/24). Suppose 4*u = y*u + 26. What are the prime factors of u?
13
Let c(g) = -g**3 + 12*g**2 - 23*g - 4. Suppose 0 = 19*q - 10*q - 63. List the prime factors of c(q).
2, 5
Let n(s) = 149*s**2 - 1. Let u be n(-1). Suppose -160 = -4*j + u. What are the prime factors of j?
7, 11
Let g(b) = b**2 + 6*b - 9. Let f be g(-8). Let p(v) = v**3 - f - 4*v**2 - 2*v**2 - 6*v**2 + 3*v**2 + 10*v. What are the prime factors of p(8)?
3
Let v = -3 + 5. Suppose -y = -6*y + 3*x + 100, 2*x - 40 = -v*y. List the prime factors of y.
2, 5
Suppose -s + 0*j + 2*j = -1, -5*s = 5*j - 20. Suppose 0 = s*q - 6 - 9. Suppose -3*p = 2*c - 3*c - 22, -q*p - 2*c = -33. What are the prime factors of p?
7
What are the prime factors of 0 + 5 + 439 + 5 + 1?
2, 3, 5
Suppose 4*b - 20 = 0, -8*b = 2*q - 5*b - 2097. List the prime factors of q.
3, 347
Let o be 414/99 + (-4)/22. Let i(h) = 3*h**2 + 3*h + 3. Let p(l) = l**2 + 2*l + 2. Let c(j) = o*i(j) - 7*p(j). What are the prime factors of c(-2)?
2, 11
Let u(d) = 2*d**3 - 11*d**2 + 10*d - 36. List the prime factors of u(8).
2, 7, 13
Let m be 14/(-21) - (-2)/3. Suppose 2*d + 4*d - 42 = m. Let a(j) = 9*j - 8. List the prime factors of a(d).
5, 11
Suppose 5*g = j - 18, j = 3*g + 3*j + 3. Let h = 0 - g. Suppose h*c = 4*c - 16. List the prime factors of c.
2
Let z(o) = o**2 - 9*o - 18. Let w be z(13). Let f = 68 - w. Suppose -3*j - 7 = -f. What are the prime factors of j?
3
Let h be (-1 + 2)*(4 - -13). Let s(i) = 6 + 29*i - h*i - 17*i. What are the prime factors of s(-9)?
3, 17
Let b be (-242)/(-10) + 1/(-5). Let a = b - 24. Suppose -32 - 14 = -3*w + 5*t, 5*t + 25 = a. List the prime factors of w.
7
Let k = 1192 + -555. What are the prime factors of k?
7, 13
Suppose 0 = l - 3*l - 2, 519 = -2*z - 5*l. Let c = z - -361. List the prime factors of c.
2, 13
Suppose -45 = 2*v + v. Let g be -1 + 1 + v/(-3). Suppose 0 = d + 5, 3*z - d + 35 = g*z. What are the prime factors of z?
2, 5
Let c be ((-2)/(-8)*4)/(3/15). Suppose c*s + 2*q - 298 = 0, 7*s - 303 = 2*s + 3*q. What are the prime factors of s?
2, 3, 5
Let t(r) = -r**3 + 5*r**2 - 3*r + 7. Let m be t(4). Let j = -11 + m. Suppose 5*i - 45 = -j*i. What are the prime factors of i?
3
What are the prime factors of (-1 - 6/30)*1745/(-2)?
3, 349
Let i(o) = 11*o + 73. List the prime factors of i(-6).
7
Suppose x - 2*b + 5 = 0, -b = -x - 0*b. Let t(z) = -z**2 + 4*z + 14. List the prime factors of t(x).
3
Suppose 35 = -6*z + z. Let h be 740/70 + (-3)/z. Suppose 0 = -s + 2 + h. List the prime factors of s.
13
Suppose 6*p = 3*p - 2*s + 25, -s + 10 = p. Suppose -q + 120 = l + 2*l, 2*l = p*q + 80. What are the prime factors of l?
2, 5
Suppose 4*f + a - 3 = 0, -4*f + 2*a + 0*a = -18. Suppose f = -k - 2. List the prime factors of ((-168)/k)/(4 + -2).
3, 7
Let l = 653 - -18. List the prime factors of l.
11, 61
Suppose 42*m - 47*m + 210 = 0. Suppose -m = 4*k - 438. What are the prime factors of k?
3, 11
Let n(p) = -2*p**3 - 11*p**2 - 6*p - 3. Let q be n(-5). List the prime factors of (-10)/(-2)*((-420)/(-25))/q.
2, 3, 7
Let m(i) = -i**2 + 12*i - 7. Let n be m(10). Suppose 5*b = 23 - n. List the prime factors of 36 + b*(1 - 0).
2, 19
Let o(s) be the second derivative of 5*s + 65/2*s**2 + 0 + 1/3*s**3. What are the prime factors of o(0)?
5, 13
Suppose 0 = 3*o + 3*o - 24. Suppose -2*c - c = -o*a - 235, c + 5*a = 110. List the prime factors of c.
5, 17
Let w(b) = -3*b**3 - 7*b**2 - b + 27. What are the prime factors of w(-5)?
2, 29
Let a be 60/12 + 3/(-1). Let k be 5/a*12/15. Suppose 3*j - 277 = -4*z, -48 - 92 = -k*z - 2*j. List the prime factors of z.
67
Let b be ((-3)/4)/(13/(-52)). Let f = -30 + 35. Suppose 0 = 4*v - 2*p - 48, 3*v + b*p + 32 = f*v. List the prime factors of v.
2, 5
Let j(z) = -z**3 + 6*z**2 - 8. What are the prime factors of j(-5)?
3, 89
Suppose 8*u - 6*u = 6. What are the prime factors of (3/u - 9)*-17?
2, 17
Let a be (-14)/(-7) - (59 + 0). Let s = a + 77. List the prime factors of s.
2, 5
Suppose 9*y + 15 = 4*y. Let u be (0*y/(-9))/1. Suppose -160 = -4*b + 4*g, u = b - 0*g + 2*g - 31. What are the prime factors of b?
37
Let m(k) = -5*k**3 - 3 + 4*k + 6*k**3 + 3 + 5*k**2. Let h be m(-4). Suppose 96 = -h*w + 6*w. What are the prime factors of w?
2
Let n(b) = 5*b**2 - b. Let f be n(1). Let s = -9 + f. List the prime factors of ((-15)/s)/(3/13).
13
Let z = 19 + -17. Suppose -r - 8 = -z*r. Suppose -r = -c + 1. What are the prime factors of c?
3
Suppose v + 10*n = 5*n - 17, n = -4. Suppose -v + 4 = x. List the prime factors of (x - 0 - -4) + 3.
2
Let f = -5 + 10. Suppose -10 = -0*b - 2*b, f*h - b - 585 = 0. What are the prime factors of h?
2, 59
Let s(q) be the first derivative of -q**4/4 + 5*q**3/3 + 3*q**2 - 2*q - 2. Let h be s(5). Suppose -7*n + 11*n = h. What are the prime factors of n?
7
Suppose u - 2824 - 680 = i, -16*i = -2*u + 7022. List the prime factors of u.
31, 113
Suppose 3*k + 60 = 3*l, 0*k + 3*k - 108 = -4*l. Let o = -21 + l. Suppose -2*r = o*g - 129, 3*g - 2*r - 70 - 47 = 0. List the prime factors of g.
41
Suppose -3*k + 7 = -0*k - 5*j, -5*j - 1 = -4*k. Let c be (-3)/k*-2 + -19. Let u = -7 - c. List the prime factors of u.
13
Let t be (1/(-2))/(3/(-36)). Suppose 0 = -2*b + t*b + 12. What are the prime factors of (0 - 15)/(b/2)?
2, 5
Let k(f) = -f**2 + 9*f + 22. Let u be k(11). Suppose -3*y + 2*y + 50 = u. What are the prime factors of y?
2, 5
Suppose -y + 2*a = -662, -5*y = 4*a + a - 3310. What are the prime factors of y?
2, 331
Let a = 15 - 27. Let j = a + 15. List the prime factors of (j/(-9))/(1/(-42)).
2, 7
Let x(i) be the third derivative of i**4/4 + 49*i**3/6 + 6*i**2. List the prime factors of x(16).
5, 29
Let q(a) = a + 17. Suppose 40 = 5*l - l. Suppose b = v + v + l, 4*b = -2*v + 50. List the prime factors of q(b).
29
Let f be 100/40*(1 + 187). Let k = f - 317. What are the prime factors of k?
3, 17
Let c(v) = 24*v**2 + v. Suppose 6*l - 7*l + 1 = 0. Suppose -l = -g - 0*g. What are the prime factors of c(g)?
5
Suppose 4*j = -3*t + 1908, 9*j - 7*j = -5*t + 954. What are the prime factors of j?
3, 53
Suppose -231 = 5*x + 29. Let c = -36 - x. Suppose -5*a + 76 = 3*t - t, t - 3*a = c. What are the prime factors of t?
2, 7
Suppose 26*o - 69846 = -16*o. What are the prime factors of o?
1663
Suppose 0 = 2*a + a - 72. Suppose -k + a = -4*k. List the prime factors of k/(-2) + (-4 - -5).
5
Let o = 13 + -10. Suppose -2*i = o*m + 132, m + 37 = -4*i - 247. Let q = -41 - i. What are the prime factors of q?
31
Let l(k) = 88*k - 565. What are the prime factors of l(26)?
1723
Let k(s) = -s**2 + 16 + 1 + 3 - 14*s. Let l(u) = -u**2 - 3*u + 6. Let y be l(-6). List the prime factors of k(y).
2, 11
Let j = 6222 - 4219. What are the prime factors of j?
2003
Suppose -5*k - 4*o + 3*o + 78 = 0, -51 = -4*k + 3*o. Let i = k + -15. Suppose -2*v - 2*m - m + 7 = i, 0 = v - 5*m - 23. What are the prime factors of v?
2
Let q = -7 + 9. Let a be 20/q*110/25. What are the prime factors of (a/(-3))/((-4)/6)?
2, 11
Let w(r) = -42*r + 5. Let f(v) = -1. Let z(d) = 5*f(d) + w(d). Let x be z(-1). Suppose 4*o = 2*o - 4*s + 6, 0 = -2*o + 5*s + x. List the prime factors of o.
11
Let a(d) = 21*d**2 - d. Let k be 3/(-12) + (-15)/(-12). Let w be (k/3)/((-3)/(-9)). List the prime factors of a(w).
2,